
3
Let i = -14 + 23. Suppose i*z - 308 = 394. What is the units digit of z?
8
Suppose 3*l + 4*l = 63. Suppose 0*c + l*c - 27 = 0. What is the units digit of c?
3
Let v = 2 - 2. Suppose 3*n + v*g = 5*g + 14, -2*g - 14 = 3*n. What is the units digit of (n/(-3))/((-2)/(-12))?
4
Let n = -4293 + 6484. What is the tens digit of n?
9
Let w be 45/18 - (-2)/(-4). Suppose 0 = -4*d + 16, -w*d + 6 = -2*f - 4. Let g(j) = 7*j**2 + j + 1. What is the units digit of g(f)?
7
Let t = -1056 - -1871. What is the tens digit of t?
1
Let r(g) = -g - 15. Let k be r(-8). Let o = 35 + k. Suppose 0 = -p + b + o, -3*b + 26 = 5*p - 82. What is the units digit of p?
4
Let h = -6 + 10. What is the units digit of -12*((-11)/h - 2)?
7
Let z(n) = -1 + 6 - n**2 - 5*n + 5. Let x be z(4). What is the units digit of 3/4*4 - x?
9
Let p = 8893 - 4502. What is the thousands digit of p?
4
Suppose -2*x + 0*y = 5*y + 33, -2*x - 2*y - 18 = 0. What is the tens digit of (18/(-4))/(-1*x/(-200))?
2
Let l(r) be the third derivative of -5*r**4/24 + 49*r**3/6 + 6*r**2. What is the units digit of l(6)?
9
Let r(s) = 31*s - 40. What is the units digit of r(2)?
2
What is the hundreds digit of (-80 - -6)/(57/(-51) - -1)?
6
Let u(a) be the second derivative of a**5/20 - a**4/4 - a**3 + 5*a**2 + 2*a. What is the units digit of u(4)?
2
Let a(l) = -5*l**2 + 2*l - 5. Let u(g) = -81*g**2 + 33*g - 81. Let w(t) = -33*a(t) + 2*u(t). Let n be w(-6). What is the tens digit of 1*n/3 - 1?
3
Let y = 50 - 23. Suppose f - y = -3*q, -5*q - 2*f - 28 + 72 = 0. What is the units digit of q?
0
Suppose 0*r + 5*r = -l + 3893, 2*r + 3928 = l. What is the hundreds digit of l?
9
Let k(v) = -v**3 + 13*v**2 - v + 7. Let s be k(13). Let h be 12/(-2)*4/s. What is the units digit of ((-12)/(-18))/(h/114)?
9
What is the thousands digit of 1*1077 - (4 - (-5 + 6))?
1
Let f(h) = h**2 - 3. Let r be f(2). Let a = r - -2. What is the units digit of (4/(-14))/(a/(-21))?
2
Suppose 0 = -2*r - g + 2*g + 9, r - 8 = -3*g. Suppose j = 3*j - 4, -5*c = -r*j - 225. What is the tens digit of c?
4
Let p = 632 + -369. What is the units digit of p?
3
Let f(c) = c + 19. Let p be f(-13). Suppose 0 = -11*k + p*k + 375. What is the tens digit of k?
7
Let g(o) = 5*o - 2. Let a(d) = -24*d + 7. Let x(b) = -2*a(b) - 9*g(b). Let y(q) = -q**3 - 3*q**2 - q + 4. Let m be y(-3). What is the tens digit of x(m)?
2
Let x(f) = -f**3 + 4*f**2 + 11*f + 6. Suppose 5*h + u - 34 = 0, -4*h + h + 2 = -4*u. Let p be x(h). Suppose p = 3*d - 106 - 2. What is the tens digit of d?
3
Suppose -2*w = 5*b - 640, 0 = -b + 3*b - 4*w - 232. Suppose 3*f + 5*n - 117 = 0, 2*f - b = -f - 2*n. What is the units digit of f?
4
Let x = 17 + -5. Let n(t) = 2*t**2 - t + 71. Let c be n(-11). Suppose -6*k + x = -c. What is the tens digit of k?
5
Suppose -3*n + 0*n = -2*w - 21, -5*n + 27 = -2*w. What is the units digit of w/(-15) - (0 - 153/5)?
1
Let k(s) = -s**2 - 7*s. Let o be k(4). Let f = 63 - o. What is the hundreds digit of f?
1
Let m(d) = -85*d - 77. What is the tens digit of m(-10)?
7
Suppose 2*b - 7*b = -s - 1403, -4*s - 572 = -2*b. What is the units digit of b?
0
Let f(u) = 33 + 3*u**2 + 2*u**3 - 5*u + 0*u - u**3 - 32. Let a(q) = -q - 1. Let n be a(3). What is the units digit of f(n)?
5
Let v = 13 + -55. Let y = -17 - v. What is the units digit of y?
5
Let j(m) = -198*m**3 + m. What is the hundreds digit of j(-1)?
1
Let c(d) = 4*d**2 - 39*d - 65. What is the hundreds digit of c(18)?
5
Let b = 31 - 27. Let f(c) = 4*c - 5. What is the units digit of f(b)?
1
Suppose 219 = 5*g - 261. Suppose -s - g = -5*s. What is the units digit of (-6)/15 + s/10?
2
Suppose 3*j - 4*u = -5*u + 121, -4*j - 3*u + 163 = 0. Suppose 0*g + j = 4*g. What is the tens digit of g?
1
Suppose 29461 + 19126 = 77*x. What is the hundreds digit of x?
6
Suppose -2*p + 3 = -3*r - 1, 2*r - 5*p + 10 = 0. Suppose 3*z + 5 - 41 = r. Let c = z + 16. What is the tens digit of c?
2
Let g(p) = -41*p + 261. What is the thousands digit of g(-31)?
1
Let h(f) be the third derivative of -f**5/60 - 7*f**4/12 - 5*f**3/2 - 20*f**2. What is the units digit of h(-11)?
8
Let n(z) = 2*z + 19. Let y be n(7). Let h = y + -13. What is the tens digit of h?
2
Let c = 55 + -54. What is the tens digit of (0 + c - 59)*(-20)/8?
4
Suppose 17 = 4*f - 43. Let o = f - -64. What is the units digit of o?
9
Let h be (-1044)/(-12)*(4/6 + -1). Let x = h - -173. What is the hundreds digit of x?
1
Suppose -5*u = 3*u + 32. Let c = u + 8. Suppose 3*y + 255 = 4*k + k, c*k = 5*y + 191. What is the tens digit of k?
5
Let b(d) = d**3 + 8*d**2 + 3*d + 1. Suppose 3*a = 13 + 2. Let w be -5 + a + 6/(-1). What is the tens digit of b(w)?
5
What is the tens digit of 8322/13 + (-48)/312?
4
Let p = 439 - -275. What is the tens digit of p?
1
Let o(h) = h + 10. Let s be o(-7). Suppose 0*d - d + 3 = 0. Suppose 3*w - s*x - 93 = 0, 27 = -2*w + d*w - 3*x. What is the tens digit of w?
3
Let x(q) = -q**3 + 13*q**2 + 5*q - 21. Let t be x(11). What is the units digit of (5 - t)*(2 + -4 + 1)?
1
Let n(t) = t**3 - 3*t**2 + 2*t + 5. Let y be n(7). Suppose 4*j + j = y. What is the tens digit of j?
4
Let r = 251 + 323. What is the tens digit of r?
7
Let l = 783 - 614. What is the tens digit of l?
6
Suppose 3*t + 5*i = -19, -i = -2*t + 14 - 5. Suppose -3*d + z + 245 = t*d, 0 = d - 5*z - 73. Let m = 69 - d. What is the tens digit of m?
2
Suppose -7*y - 6 = -34. What is the tens digit of (8/y - -3)*(-174)/(-10)?
8
Let o = 65 - 69. What is the units digit of 2/o + -2 + (-114)/(-12)?
7
Suppose 4*o + 3016 = 12*o. What is the hundreds digit of o?
3
What is the hundreds digit of (-34187)/(-102) - (-3)/(-18)?
3
Suppose -3*i + 12 = -0*i + 2*r, -2*i + 2*r = 2. What is the tens digit of i/7 + ((-17616)/21)/(-4)?
1
What is the tens digit of 23/((-161)/(-882)) - 6?
2
Let n be 2/(-3)*(-30)/4. Suppose -244 = -9*z + n*z. Let d = z - 31. What is the units digit of d?
0
Let q(p) = 19*p - 33. Let x(w) = 6*w - 21. Let y be x(5). What is the units digit of q(y)?
8
Let t(c) be the third derivative of 2*c**4/3 + c**3/6 + 53*c**2. Suppose 3*d = -2*r + 9, 6 = 5*r - 9. What is the tens digit of t(d)?
1
Let v(d) = -2*d - 5 - d + 2 - 2*d**2 - 4*d**2. Let w be v(-2). What is the tens digit of (-468)/w + (-2)/7?
2
Let g(s) = -69*s**3 - s**2 - 4*s - 2. Let b be (-2 - 12/(-4))/(-1). What is the units digit of g(b)?
0
Suppose 0 = -12*c + 10*c. Suppose c*g - 5*g = 5. What is the units digit of 27/(2/g - -3)?
7
Let l(x) = x**2 - 7*x - 4. Let a be l(6). Let k = 190 + a. Suppose -5*v + 3*r = -k, v - 16 = 4*r + 20. What is the units digit of v?
6
Let f(z) = -8*z + 42. Let u be f(6). Let i(k) = -k**3 - 5*k**2 + 5*k + 8. What is the units digit of i(u)?
4
Let x(a) = a**2 - 5*a + 5. Let d be ((-4)/(-8))/((-2)/(-28)). What is the tens digit of x(d)?
1
Suppose -4*f = -5*f. Suppose -6*h + 52 = -26. Suppose -4*q + 10 = -2*l, 3*q - h = -f*q - 4*l. What is the units digit of q?
3
Let z(l) = -l**3 + 4. Let q be z(0). Suppose 206 = 4*w - 0*f + f, -3*w = -q*f - 164. What is the tens digit of w?
5
Let x(h) = 11*h**3 + 2*h**2 - h. Let w be x(1). Suppose 168 = w*z - 4*z. What is the tens digit of z?
2
Let m = 26 + -61. Let u = -10 - m. Suppose 8*j - 13*j = -u. What is the units digit of j?
5
Let o = -14 + 68. Let c = o - 45. What is the units digit of c?
9
What is the tens digit of (-4)/1 + 98*7 - -3?
8
Let p = 5 - 2. Suppose -17 - 4 = p*r. What is the units digit of 2 - (r - (0 - -1))?
0
Let u(z) = z**3 - 12*z**2 - 5*z + 93. What is the hundreds digit of u(13)?
1
What is the units digit of (-8*(-79)/(-6))/(3/(-9))?
6
Suppose c + 430 = -4*c. Let z = c - -142. What is the tens digit of z?
5
Suppose -175 = -2*o - 3*u, -3*u - 470 = -5*o - 43. Let j be (-5)/(-25) - 602/10. Let v = j + o. What is the tens digit of v?
2
Let b(t) = -4*t + 3. Let j be b(4). Suppose -5*n = 4*u + 76, -4 = 8*u - 7*u + 5*n. Let l = j - u. What is the tens digit of l?
1
Let r(u) = -u**3 + 10*u**2 - 7*u - 19. Suppose 2*d + 40 = 4*o, -3 + 31 = 4*o + d. What is the tens digit of r(o)?
5
Let p = -7 + 95. What is the tens digit of p?
8
Let i = -653 + 1004. What is the units digit of i?
1
Suppose 5*g = -d + 31 - 6, -31 = -4*g - 3*d. Let x = 20 - 20. Suppose -g*c + 72 + x = 0. What is the units digit of c?
8
Suppose -4*y + w + 237 = -2*y, 2*y + 2*w = 246. Suppose 928 + y = 8*j. Wha